 z(n) = -n**2 - 2*n + 3. Let d be z(-4). Let v = 7 + d. Suppose -4*w - 5*h + 47 = 0, v*h + 0*h = -10. What is the greatest common divisor of 6 and w?
6
Let w(y) = -34*y**2 + 5. Let v be w(-4). Let g = 183 + v. Let h be 2/7 + g/(-28). What is the greatest common factor of 52 and h?
13
Let a(o) = -2*o + 7*o - o - o**3. Let p(k) = -4*k + 1. Let y be p(1). Let r be a(y). What is the greatest common factor of r and 10?
5
Let v(h) = 4*h + 1. Let k be v(2). Let w(n) = -n**3 + 7*n**2 - n + 6. Suppose 0 = x + 2 - 8. Let b be w(x). What is the highest common factor of k and b?
9
Let y(c) = c**3 + 11*c**2 + 3*c + 9. Let r be y(-11). Let i be 1/3 - 16/r. What is the highest common factor of 7 and i?
1
Let d be (-2)/(-15) + (-1102)/(-285). Calculate the highest common factor of 32 and d.
4
Suppose 0*y - 21 = -3*y. Suppose -2*l = -l + 5. Let r = l + y. What is the greatest common divisor of 14 and r?
2
Suppose -16 = 4*y - 52. Suppose 0 = -3*o + 6*o - 9. Let i be 3/y*o + 10. What is the highest common divisor of 1 and i?
1
Suppose 0 = -2*u + 9 + 1. Let a(r) = 3*r - 10. Let c be a(u). What is the highest common divisor of 25 and c?
5
Let d(q) = -16*q**3 + 2*q**2. Let b be d(-2). What is the greatest common divisor of b and 17?
17
Suppose 3*r = -0*r - 2*c + 24, 0 = -r - 5*c + 21. What is the greatest common factor of 30 and r?
6
Suppose -28 - 2 = -5*v. Calculate the highest common factor of 102 and v.
6
Let w(f) = 2*f**2 + 5*f - 4. Let u be w(-6). Suppose 0 = v + v - 38. Calculate the highest common divisor of v and u.
19
Let l(w) = w**3 - 8*w**2 + w - 3. Let g be l(8). Suppose -40 - g = -3*r. Calculate the greatest common divisor of r and 135.
15
Let i(m) = -7*m + 2. Let r be i(1). Let c be (r - -10)*208/10. What is the highest common factor of c and 13?
13
Suppose 3*a + 333 = 3*g, 6*a - a - 215 = -2*g. Suppose 2*z - 50 = -5*l - 2*z, 3*l - 5*z - 30 = 0. What is the highest common factor of l and g?
10
Suppose -2 = 4*k - 22. Let z = -46 - -81. What is the highest common factor of z and k?
5
Let l(s) = 2*s - 14. Let d be l(10). What is the greatest common factor of d and 18?
6
Let f(d) = d + 21. Let m be f(-9). Let h = m - 4. Suppose 0*j + 32 = 4*j. What is the highest common factor of j and h?
8
Suppose q - 3 = -11. Let s be (-3)/((-3)/(1 - q)). Calculate the highest common divisor of s and 36.
9
Suppose 3*w + 0*w = 2*z - 138, -3*z + 226 = 5*w. What is the highest common divisor of 48 and z?
24
Let b(t) = -t**2 - 14*t + 7. Let u be b(-13). Suppose 2*a + s = 93 + 223, a - 176 = 4*s. What is the greatest common factor of u and a?
20
Suppose -4*i = -5*n - 41, 0*i - 5*i = 5*n + 5. Let c(a) = -2*a**2 - 6 + 5*a**2 + 4 - 2 - i*a. Let m be c(-3). What is the greatest common divisor of 5 and m?
5
Let r = -50 + 74. What is the highest common divisor of 3 and r?
3
Let k be 72/15 - 2/(-10). Suppose k*f = -5*d + 110, 3*f - 5*d + 19 = 101. Suppose 0*y = y - 3. Calculate the highest common factor of f and y.
3
Let g be (-39)/(-12) - (-6)/(-24). What is the greatest common divisor of g and 27?
3
Let q(a) = 3*a - 13. Let y be q(8). Calculate the greatest common divisor of y and 22.
11
Suppose -610 = 4*k + j + 2*j, -3*k + j - 451 = 0. Let z = -91 - k. Suppose 2*b = b + z. Calculate the highest common factor of b and 10.
10
Let y be 4 + -1 + -2 + 2. Suppose 0 = -y*q - 4*x + 46, 3*x + 23 = 8. Calculate the highest common factor of q and 11.
11
Suppose f = -3*f + 132. Calculate the highest common factor of 33 and f.
33
Let n be (-15)/((-2)/(-9 - -1)). Let v be -6 + 2 + 3 + 2. Let d be n/(-2) - (v - 1). What is the greatest common divisor of 10 and d?
10
Suppose -2*l - l + 344 = -4*r, 4*l + 3*r = 417. Let b be ((-20)/12)/(1/(-15)). Let g = b + -13. Calculate the greatest common factor of l and g.
12
Suppose 5*w - 10*w = -35. Let o = -5 + w. Calculate the greatest common factor of o and 14.
2
Let i = -11 + 28. Let x be (-1)/((-1)/69) + -1. What is the greatest common divisor of x and i?
17
Let m(v) = -v - v - 2 + 3*v + 0. Let k be 18/4 + 1/(-2). Let g be m(k). What is the highest common factor of g and 2?
2
Let q be 1/(-1 + 15/18). Let b be (-40)/(-18) + q/27. Suppose b*s - 8 + 0 = 0. Calculate the greatest common factor of s and 40.
4
Let h = 35 - 6. What is the greatest common factor of 29 and h?
29
Let z(q) = q**2 - q + 6. Let h(p) = 1. Let w(f) = -6*h(f) + z(f). Suppose -7*d = -9*d - 6. Let r be w(d). What is the highest common divisor of 48 and r?
12
Suppose -2*m + 3 = -3*m. Let j = -9 - -4. Let f = m - j. Calculate the highest common factor of 4 and f.
2
Let r be 1/(-2) - 1673/(-14). Calculate the greatest common divisor of 17 and r.
17
Let r be (6/18)/(3/252). What is the greatest common factor of 14 and r?
14
Suppose -19 = -3*t - 1. Let a = 18 - t. Calculate the highest common divisor of 96 and a.
12
Let y = -22 + 26. Let r be ((-50)/y)/(1/(-2)). Calculate the greatest common factor of 125 and r.
25
Let i(j) = 3*j**2 - 4*j. Let f be i(3). Let n(x) = -x - 7. Let y be n(-12). Calculate the highest common divisor of y and f.
5
Let t(n) = -n**3 + 29*n**2 - 29*n + 38. Let g be t(28). What is the greatest common factor of g and 2?
2
Suppose -5*k = -5*c - 23 - 22, -5*k + 30 = -2*c. Suppose -2*r + 3*v = -26, -k*v + 2 = -3*r + 4*r. Calculate the highest common factor of r and 40.
10
Let r = -5 - -3. Let x be 14 + r - (2 - 0). Calculate the greatest common divisor of x and 15.
5
Suppose -3*o = 2*o - 4*x - 14, -3*x - 11 = -4*o. What is the highest common factor of o and 22?
2
Let k(i) = 37*i - 7. Let t be k(-7). Let c = -134 - t. Let y = c + -52. Calculate the greatest common divisor of y and 16.
16
Let f = -62 - -39. Let x = f + 33. Calculate the highest common divisor of x and 4.
2
Let i(k) be the third derivative of k**4/24 - 5*k**3/6 - 2*k**2. Let q be i(4). Let r be 1*(q + 20) + -1. Calculate the greatest common divisor of r and 3.
3
Let y = -53 - -65. What is the greatest common divisor of y and 24?
12
Suppose 4*v + 20 = g, 3*v + 32 = 5*g - 0*g. Let f(r) = -20*r + 5. Let s be f(v). What is the greatest common divisor of s and 34?
17
Let p = -2 + 18. Calculate the highest common divisor of 4 and p.
4
Let i(m) = -2*m - 3*m + 7*m + 6*m. Let f be i(4). What is the greatest common factor of 80 and f?
16
Let p(i) = -i**3 + 6*i**2 - 4*i - 7. Let y be p(5). Let d be ((-5)/4)/(y/64). What is the greatest common factor of d and 8?
8
Suppose 3*y - k - 365 = 0, -2*y + 370 = y - 2*k. What is the highest common factor of y and 24?
24
Suppose -2*m + 17 = 5. Let l(d) = 2*d**3 - 9*d**2. Let o be l(m). What is the highest common divisor of o and 12?
12
Suppose -2*k + 4 = 2. Let m be -10*(k*-10 - -3). What is the greatest common divisor of 14 and m?
14
Let m be (-4)/(5 - 3) - -22. What is the highest common factor of 4 and m?
4
Suppose -3 = 2*c - 9. Suppose c*h - 36 = -h. Calculate the highest common divisor of 72 and h.
9
Let s(u) = u**2 - u. Let a be s(-3). What is the greatest common divisor of 12 and a?
12
Let c(r) = r**2 - r + 14. Let m be c(15). Calculate the greatest common factor of m and 14.
14
Suppose 4*q + 2*k + 2 = 40, -5*k + 23 = 4*q. Let m be ((-68)/6)/((-8)/q). Calculate the highest common factor of 119 and m.
17
Suppose -3*w + 8 = -4*k, 4*w - 2*k = -0*w + 14. What is the greatest common factor of w and 12?
4
Suppose 20 = 3*v - 31. Let q be -6*(3/(-6))/(4/68). What is the greatest common factor of q and v?
17
Suppose p - 26 - 22 = 0. Calculate the highest common factor of 32 and p.
16
Let s be 2/4*(-36)/(-9). Suppose -s*x = x - 72. What is the highest common factor of x and 12?
12
Let i be 5/1*(-1 - -3). Suppose -2*d + d = -i. What is the greatest common factor of 70 and d?
10
Let u be 0*((-1)/(-3))/(-1). Let y = 5 - u. What is the greatest common divisor of 35 and y?
5
Suppose -2 - 1 = -3*k. Calculate the highest common divisor of k and 2.
1
Let j be (5/2)/(20/16). Calculate the greatest common factor of j and 8.
2
Let q = 275 - 176. Let k(j) = -3*j - 3. Let d be k(-4). Calculate the highest common factor of q and d.
9
Suppose 2*o - 36 = -o. Suppose -6*a + 319 = 3*w - 5*a, 3*w - a - 329 = 0. What is the highest common divisor of o and w?
12
Let j = -29 - -46. Let b(n) = -12*n - 2. Suppose 5 = -4*o - 7. Let s be b(o). Calculate the highest common divisor of j and s.
17
Let h(i) 